{"id":16583,"date":"2024-03-23T12:45:43","date_gmt":"2024-03-23T12:45:43","guid":{"rendered":"https:\/\/acidordesign.ro\/?page_id=16583"},"modified":"2024-11-08T11:35:27","modified_gmt":"2024-11-08T11:35:27","slug":"print-indoor-outdoor","status":"publish","type":"page","link":"https:\/\/acidordesign.ro\/index.php\/print-indoor-outdoor\/","title":{"rendered":"Print Indoor \/ Outdoor"},"content":{"rendered":"\t\t<div data-elementor-type=\"wp-page\" data-elementor-id=\"16583\" class=\"elementor elementor-16583\" data-elementor-post-type=\"page\">\n\t\t\t\t\t\t<section class=\"has_ma_el_bg_slider wd-negative-gap elementor-section elementor-top-section elementor-element elementor-element-3eae2951 wd-section-stretch-content elementor-section-height-min-height elementor-section-boxed elementor-section-height-default elementor-section-items-middle jltma-glass-effect-no\" data-id=\"3eae2951\" data-element_type=\"section\" data-settings=\"{&quot;background_background&quot;:&quot;classic&quot;}\">\n\t\t\t\t\t\t<div class=\"elementor-container elementor-column-gap-no\">\n\t\t\t\t\t<div class=\"has_ma_el_bg_slider elementor-column elementor-col-100 elementor-top-column elementor-element elementor-element-23fe8bcd jltma-glass-effect-no\" data-id=\"23fe8bcd\" data-element_type=\"column\" id=\"banner-top\">\n\t\t\t<div class=\"elementor-widget-wrap elementor-element-populated\">\n\t\t\t\t\t\t<div class=\"elementor-element elementor-element-825dc06 jltma-glass-effect-no elementor-widget elementor-widget-heading\" data-id=\"825dc06\" data-element_type=\"widget\" data-widget_type=\"heading.default\">\n\t\t\t\t<div class=\"elementor-widget-container\">\n\t\t\t<h1 class=\"elementor-heading-title elementor-size-default\">Print Indoor \/ Outdoor<\/h1>\t\t<\/div>\n\t\t\t\t<\/div>\n\t\t\t\t<div class=\"elementor-element elementor-element-6c9955c jltma-glass-effect-no elementor-widget elementor-widget-wd_text_block\" data-id=\"6c9955c\" data-element_type=\"widget\" data-widget_type=\"wd_text_block.default\">\n\t\t\t\t<div class=\"elementor-widget-container\">\n\t\t\t\t\t<div class=\"wd-text-block reset-last-child text-center\">\n\t\t\t\n\t\t\t<p class=\"breadcrumbs\"><a href=\"https:\/\/acidordesign.ro\/\" rel=\"v:url\">Home<\/a> \u00bb <span class=\"current\">Print Indoor - Outdoor<br \/><\/span><\/p>\n\t\t\t\t\t<\/div>\n\t\t\t\t<\/div>\n\t\t\t\t<\/div>\n\t\t\t\t\t<\/div>\n\t\t<\/div>\n\t\t\t\t\t<\/div>\n\t\t<\/section>\n\t\t\t\t<section class=\"has_ma_el_bg_slider wd-negative-gap elementor-section elementor-top-section elementor-element elementor-element-1c9344a2 elementor-section-boxed elementor-section-height-default elementor-section-height-default jltma-glass-effect-no\" data-id=\"1c9344a2\" data-element_type=\"section\">\n\t\t\t\t\t\t<div class=\"elementor-container elementor-column-gap-default\">\n\t\t\t\t\t<div class=\"has_ma_el_bg_slider elementor-column elementor-col-50 elementor-top-column elementor-element elementor-element-a4e7846 jltma-glass-effect-no\" data-id=\"a4e7846\" data-element_type=\"column\">\n\t\t\t<div class=\"elementor-widget-wrap elementor-element-populated\">\n\t\t\t\t\t\t<div class=\"elementor-element elementor-element-9d7cf7d jltma-glass-effect-no elementor-widget elementor-widget-wd_text_block\" data-id=\"9d7cf7d\" data-element_type=\"widget\" data-widget_type=\"wd_text_block.default\">\n\t\t\t\t<div class=\"elementor-widget-container\">\n\t\t\t\t\t<div class=\"wd-text-block reset-last-child text-left\">\n\t\t\t\n\t\t\t<h5>Printurile noastre, at\u00e2t indoor c\u00e2t \u0219i outdoor, sunt realizate cu o aten\u021bie deosebit\u0103 la detalii \u0219i folosind cele mai bune materiale \u0219i tehnologii. Fiecare proiect este tratat cu profesionalism, asigur\u00e2ndu-ne c\u0103 rezultatul final dep\u0103\u0219e\u0219te a\u0219tept\u0103rile clien\u021bilor no\u0219tri. Indiferent dac\u0103 ave\u021bi nevoie de un afi\u0219 elegant pentru interior sau de un banner rezistent la intemperii pentru exterior, noi garant\u0103m o calitate superioar\u0103 \u0219i o durat\u0103 de via\u021b\u0103 \u00eendelungat\u0103.<\/h5><h5>Tipuri de materiale folosite:<\/h5><h5>Mesh, banner frontlit \u015fi backlit, autocolant, steag, h\u00e2rtie foto \u015fi canvas, window &amp; floor graphics, postere, bannere textile.<\/h5>\n\t\t\t\t\t<\/div>\n\t\t\t\t<\/div>\n\t\t\t\t<\/div>\n\t\t\t\t\t<\/div>\n\t\t<\/div>\n\t\t\t\t<div class=\"has_ma_el_bg_slider elementor-column elementor-col-50 elementor-top-column elementor-element elementor-element-a42e305 jltma-glass-effect-no\" data-id=\"a42e305\" data-element_type=\"column\">\n\t\t\t<div class=\"elementor-widget-wrap elementor-element-populated\">\n\t\t\t\t\t\t<section class=\"has_ma_el_bg_slider wd-negative-gap elementor-section elementor-inner-section elementor-element elementor-element-09bf27e elementor-section-boxed elementor-section-height-default elementor-section-height-default jltma-glass-effect-no\" data-id=\"09bf27e\" data-element_type=\"section\">\n\t\t\t\t\t\t<div class=\"elementor-container elementor-column-gap-default\">\n\t\t\t\t\t<div class=\"has_ma_el_bg_slider elementor-column elementor-col-50 elementor-inner-column elementor-element elementor-element-94f7275 jltma-glass-effect-no\" data-id=\"94f7275\" data-element_type=\"column\">\n\t\t\t<div class=\"elementor-widget-wrap elementor-element-populated\">\n\t\t\t\t\t\t<div class=\"elementor-element elementor-element-843ce82 jltma-glass-effect-no elementor-widget elementor-widget-image\" data-id=\"843ce82\" data-element_type=\"widget\" data-widget_type=\"image.default\">\n\t\t\t\t<div class=\"elementor-widget-container\">\n\t\t\t\t\t\t\t\t\t\t<figure class=\"wp-caption\">\n\t\t\t\t\t\t\t\t\t\t\t<a href=\"https:\/\/acidordesign.ro\/wp-content\/uploads\/2024\/11\/IMG-20240921-WA0045-scaled.jpg\" data-elementor-open-lightbox=\"yes\" data-elementor-lightbox-title=\"IMG-20240921-WA0045\" data-e-action-hash=\"#elementor-action%3Aaction%3Dlightbox%26settings%3DeyJpZCI6MTcwOTQsInVybCI6Imh0dHBzOlwvXC9hY2lkb3JkZXNpZ24ucm9cL3dwLWNvbnRlbnRcL3VwbG9hZHNcLzIwMjRcLzExXC9JTUctMjAyNDA5MjEtV0EwMDQ1LXNjYWxlZC5qcGcifQ%3D%3D\">\n\t\t\t\t\t\t\t<img decoding=\"async\" src=\"https:\/\/acidordesign.ro\/wp-content\/uploads\/elementor\/thumbs\/IMG-20240921-WA0045-scaled-qwr15pkzdlxb12wb033jpsglpa7neph5wjtg3sk3hm.jpg\" title=\"IMG-20240921-WA0045\" alt=\"IMG-20240921-WA0045\" loading=\"lazy\" \/>\t\t\t\t\t\t\t\t<\/a>\n\t\t\t\t\t\t\t\t\t\t\t<figcaption class=\"widget-image-caption wp-caption-text\"><\/figcaption>\n\t\t\t\t\t\t\t\t\t\t<\/figure>\n\t\t\t\t\t\t\t<\/div>\n\t\t\t\t<\/div>\n\t\t\t\t\t<\/div>\n\t\t<\/div>\n\t\t\t\t<div class=\"has_ma_el_bg_slider elementor-column elementor-col-50 elementor-inner-column elementor-element elementor-element-19a17ef jltma-glass-effect-no\" data-id=\"19a17ef\" data-element_type=\"column\">\n\t\t\t<div class=\"elementor-widget-wrap elementor-element-populated\">\n\t\t\t\t\t\t<div class=\"elementor-element elementor-element-2b45f26 jltma-glass-effect-no elementor-widget elementor-widget-image\" data-id=\"2b45f26\" data-element_type=\"widget\" data-widget_type=\"image.default\">\n\t\t\t\t<div class=\"elementor-widget-container\">\n\t\t\t\t\t\t\t\t\t\t\t\t\t\t<a href=\"https:\/\/acidordesign.ro\/wp-content\/uploads\/2024\/11\/20230513_003720-1-scaled.jpg\" data-elementor-open-lightbox=\"yes\" data-elementor-lightbox-title=\"20230513_003720\" data-e-action-hash=\"#elementor-action%3Aaction%3Dlightbox%26settings%3DeyJpZCI6MTY5ODAsInVybCI6Imh0dHBzOlwvXC9hY2lkb3JkZXNpZ24ucm9cL3dwLWNvbnRlbnRcL3VwbG9hZHNcLzIwMjRcLzExXC8yMDIzMDUxM18wMDM3MjAtMS1zY2FsZWQuanBnIn0%3D\">\n\t\t\t\t\t\t\t<img decoding=\"async\" src=\"https:\/\/acidordesign.ro\/wp-content\/uploads\/elementor\/thumbs\/20230513_003720-1-scaled-qwpz52ow7wd652x0vhhg65srhw1loe352fjq9luje2.jpg\" title=\"20230513_003720\" alt=\"20230513_003720\" loading=\"lazy\" \/>\t\t\t\t\t\t\t\t<\/a>\n\t\t\t\t\t\t\t\t\t\t\t\t\t<\/div>\n\t\t\t\t<\/div>\n\t\t\t\t\t<\/div>\n\t\t<\/div>\n\t\t\t\t\t<\/div>\n\t\t<\/section>\n\t\t\t\t<section class=\"has_ma_el_bg_slider wd-negative-gap elementor-section elementor-inner-section elementor-element elementor-element-8fcfd96 elementor-section-boxed elementor-section-height-default elementor-section-height-default jltma-glass-effect-no\" data-id=\"8fcfd96\" data-element_type=\"section\">\n\t\t\t\t\t\t<div class=\"elementor-container elementor-column-gap-default\">\n\t\t\t\t\t<div class=\"has_ma_el_bg_slider elementor-column elementor-col-50 elementor-inner-column elementor-element elementor-element-908dd87 jltma-glass-effect-no\" data-id=\"908dd87\" data-element_type=\"column\">\n\t\t\t<div class=\"elementor-widget-wrap elementor-element-populated\">\n\t\t\t\t\t\t<div class=\"elementor-element elementor-element-ae0d114 jltma-glass-effect-no elementor-widget elementor-widget-image\" data-id=\"ae0d114\" data-element_type=\"widget\" data-widget_type=\"image.default\">\n\t\t\t\t<div class=\"elementor-widget-container\">\n\t\t\t\t\t\t\t\t\t\t\t\t\t\t<a href=\"https:\/\/acidordesign.ro\/wp-content\/uploads\/2024\/11\/IMG-20241106-WA0034-1.jpg\" data-elementor-open-lightbox=\"yes\" data-elementor-lightbox-title=\"IMG-20241106-WA0034\" data-e-action-hash=\"#elementor-action%3Aaction%3Dlightbox%26settings%3DeyJpZCI6MTcwNjEsInVybCI6Imh0dHBzOlwvXC9hY2lkb3JkZXNpZ24ucm9cL3dwLWNvbnRlbnRcL3VwbG9hZHNcLzIwMjRcLzExXC9JTUctMjAyNDExMDYtV0EwMDM0LTEuanBnIn0%3D\">\n\t\t\t\t\t\t\t<img decoding=\"async\" src=\"https:\/\/acidordesign.ro\/wp-content\/uploads\/2024\/11\/IMG-20241106-WA0034-1.jpg\" title=\"IMG-20241106-WA0034\" alt=\"IMG-20241106-WA0034\" loading=\"lazy\" \/>\t\t\t\t\t\t\t\t<\/a>\n\t\t\t\t\t\t\t\t\t\t\t\t\t<\/div>\n\t\t\t\t<\/div>\n\t\t\t\t\t<\/div>\n\t\t<\/div>\n\t\t\t\t<div class=\"has_ma_el_bg_slider elementor-column elementor-col-50 elementor-inner-column elementor-element elementor-element-650e8b4 jltma-glass-effect-no\" data-id=\"650e8b4\" data-element_type=\"column\">\n\t\t\t<div class=\"elementor-widget-wrap elementor-element-populated\">\n\t\t\t\t\t\t<div class=\"elementor-element elementor-element-4052f14 jltma-glass-effect-no elementor-widget elementor-widget-image\" data-id=\"4052f14\" data-element_type=\"widget\" data-widget_type=\"image.default\">\n\t\t\t\t<div class=\"elementor-widget-container\">\n\t\t\t\t\t\t\t\t\t\t\t\t\t\t<a href=\"https:\/\/acidordesign.ro\/wp-content\/uploads\/2024\/11\/20230326_180221-scaled.jpg\" data-elementor-open-lightbox=\"yes\" data-elementor-lightbox-title=\"20230326_180221\" data-e-action-hash=\"#elementor-action%3Aaction%3Dlightbox%26settings%3DeyJpZCI6MTcxNzgsInVybCI6Imh0dHBzOlwvXC9hY2lkb3JkZXNpZ24ucm9cL3dwLWNvbnRlbnRcL3VwbG9hZHNcLzIwMjRcLzExXC8yMDIzMDMyNl8xODAyMjEtc2NhbGVkLmpwZyJ9\">\n\t\t\t\t\t\t\t<img decoding=\"async\" src=\"https:\/\/acidordesign.ro\/wp-content\/uploads\/elementor\/thumbs\/20230326_180221-scaled-qwr50qvkae96cmxu4onx17e4y2x6yyfu0pq0m8ep4a.jpg\" title=\"20230326_180221\" alt=\"20230326_180221\" loading=\"lazy\" \/>\t\t\t\t\t\t\t\t<\/a>\n\t\t\t\t\t\t\t\t\t\t\t\t\t<\/div>\n\t\t\t\t<\/div>\n\t\t\t\t\t<\/div>\n\t\t<\/div>\n\t\t\t\t\t<\/div>\n\t\t<\/section>\n\t\t\t\t<section class=\"has_ma_el_bg_slider wd-negative-gap elementor-section elementor-inner-section elementor-element elementor-element-b1843c9 elementor-section-boxed elementor-section-height-default elementor-section-height-default jltma-glass-effect-no\" data-id=\"b1843c9\" data-element_type=\"section\">\n\t\t\t\t\t\t<div class=\"elementor-container elementor-column-gap-default\">\n\t\t\t\t\t<div class=\"has_ma_el_bg_slider elementor-column elementor-col-50 elementor-inner-column elementor-element elementor-element-5190089 jltma-glass-effect-no\" data-id=\"5190089\" data-element_type=\"column\">\n\t\t\t<div class=\"elementor-widget-wrap elementor-element-populated\">\n\t\t\t\t\t\t<div class=\"elementor-element elementor-element-d496acb jltma-glass-effect-no elementor-widget elementor-widget-image\" data-id=\"d496acb\" data-element_type=\"widget\" data-widget_type=\"image.default\">\n\t\t\t\t<div class=\"elementor-widget-container\">\n\t\t\t\t\t\t\t\t\t\t\t\t\t\t<a href=\"https:\/\/acidordesign.ro\/wp-content\/uploads\/2024\/11\/IMG-20240921-WA0054.jpg\" data-elementor-open-lightbox=\"yes\" data-elementor-lightbox-title=\"IMG-20240921-WA0054\" data-e-action-hash=\"#elementor-action%3Aaction%3Dlightbox%26settings%3DeyJpZCI6MTcxODAsInVybCI6Imh0dHBzOlwvXC9hY2lkb3JkZXNpZ24ucm9cL3dwLWNvbnRlbnRcL3VwbG9hZHNcLzIwMjRcLzExXC9JTUctMjAyNDA5MjEtV0EwMDU0LmpwZyJ9\">\n\t\t\t\t\t\t\t<img decoding=\"async\" src=\"https:\/\/acidordesign.ro\/wp-content\/uploads\/elementor\/thumbs\/IMG-20240921-WA0054-qwr560qymxh3hva1byqk0vh8xwxc5tdm2ti3k4l67e.jpg\" title=\"IMG-20240921-WA0054\" alt=\"IMG-20240921-WA0054\" loading=\"lazy\" \/>\t\t\t\t\t\t\t\t<\/a>\n\t\t\t\t\t\t\t\t\t\t\t\t\t<\/div>\n\t\t\t\t<\/div>\n\t\t\t\t\t<\/div>\n\t\t<\/div>\n\t\t\t\t<div class=\"has_ma_el_bg_slider elementor-column elementor-col-50 elementor-inner-column elementor-element elementor-element-b4a06cc jltma-glass-effect-no\" data-id=\"b4a06cc\" data-element_type=\"column\">\n\t\t\t<div class=\"elementor-widget-wrap elementor-element-populated\">\n\t\t\t\t\t\t<div class=\"elementor-element elementor-element-83488f0 jltma-glass-effect-no elementor-widget elementor-widget-image\" data-id=\"83488f0\" data-element_type=\"widget\" data-widget_type=\"image.default\">\n\t\t\t\t<div class=\"elementor-widget-container\">\n\t\t\t\t\t\t\t\t\t\t\t\t\t\t<a href=\"https:\/\/acidordesign.ro\/wp-content\/uploads\/2024\/11\/IMG-20240920-WA0026.jpg\" data-elementor-open-lightbox=\"yes\" data-elementor-lightbox-title=\"IMG-20240920-WA0026\" data-e-action-hash=\"#elementor-action%3Aaction%3Dlightbox%26settings%3DeyJpZCI6MTcxODEsInVybCI6Imh0dHBzOlwvXC9hY2lkb3JkZXNpZ24ucm9cL3dwLWNvbnRlbnRcL3VwbG9hZHNcLzIwMjRcLzExXC9JTUctMjAyNDA5MjAtV0EwMDI2LmpwZyJ9\">\n\t\t\t\t\t\t\t<img decoding=\"async\" src=\"https:\/\/acidordesign.ro\/wp-content\/uploads\/elementor\/thumbs\/IMG-20240920-WA0026-qwr57owmsbrg4wunkoqoggaqykotug0fn3969u3z56.jpg\" title=\"IMG-20240920-WA0026\" alt=\"IMG-20240920-WA0026\" loading=\"lazy\" \/>\t\t\t\t\t\t\t\t<\/a>\n\t\t\t\t\t\t\t\t\t\t\t\t\t<\/div>\n\t\t\t\t<\/div>\n\t\t\t\t\t<\/div>\n\t\t<\/div>\n\t\t\t\t\t<\/div>\n\t\t<\/section>\n\t\t\t\t\t<\/div>\n\t\t<\/div>\n\t\t\t\t\t<\/div>\n\t\t<\/section>\n\t\t\t\t<\/div>\n\t\t","protected":false},"excerpt":{"rendered":"<p>Print Indoor \/ Outdoor Home \u00bb Print Indoor &#8211; Outdoor Printurile noastre, at\u00e2t indoor c\u00e2t \u0219i outdoor, sunt realizate cu<\/p>\n","protected":false},"author":1,"featured_media":0,"parent":0,"menu_order":0,"comment_status":"closed","ping_status":"closed","template":"elementor_header_footer","meta":{"footnotes":""},"class_list":["post-16583","page","type-page","status-publish","hentry"],"yoast_head":"<!-- This site is optimized with the Yoast SEO plugin v23.8 - https:\/\/yoast.com\/wordpress\/plugins\/seo\/ -->\n<title>Print Indoor \/ Outdoor - Servicii Axico<\/title>\n<meta name=\"robots\" content=\"index, follow, max-snippet:-1, max-image-preview:large, max-video-preview:-1\" \/>\n<link rel=\"canonical\" href=\"https:\/\/acidordesign.ro\/index.php\/print-indoor-outdoor\/\" \/>\n<meta property=\"og:locale\" content=\"en_US\" \/>\n<meta property=\"og:type\" content=\"article\" \/>\n<meta property=\"og:title\" content=\"Print Indoor \/ Outdoor - Servicii Axico\" \/>\n<meta property=\"og:description\" content=\"Print Indoor \/ Outdoor Home \u00bb Print Indoor &#8211; Outdoor Printurile noastre, at\u00e2t indoor c\u00e2t \u0219i outdoor, sunt realizate cu\" \/>\n<meta property=\"og:url\" content=\"https:\/\/acidordesign.ro\/index.php\/print-indoor-outdoor\/\" \/>\n<meta property=\"og:site_name\" content=\"Servicii Axico\" \/>\n<meta property=\"article:modified_time\" content=\"2024-11-08T11:35:27+00:00\" \/>\n<meta property=\"og:image\" content=\"https:\/\/acidordesign.ro\/wp-content\/uploads\/elementor\/thumbs\/IMG-20240921-WA0045-scaled-qwr15pkzdlxb12wb033jpsglpa7neph5wjtg3sk3hm.jpg\" \/>\n<meta name=\"twitter:card\" content=\"summary_large_image\" \/>\n<meta name=\"twitter:label1\" content=\"Est. reading time\" \/>\n\t<meta name=\"twitter:data1\" content=\"2 minutes\" \/>\n<script type=\"application\/ld+json\" class=\"yoast-schema-graph\">{\"@context\":\"https:\/\/schema.org\",\"@graph\":[{\"@type\":\"WebPage\",\"@id\":\"https:\/\/acidordesign.ro\/index.php\/print-indoor-outdoor\/\",\"url\":\"https:\/\/acidordesign.ro\/index.php\/print-indoor-outdoor\/\",\"name\":\"Print Indoor \/ Outdoor - Servicii Axico\",\"isPartOf\":{\"@id\":\"https:\/\/acidordesign.ro\/#website\"},\"primaryImageOfPage\":{\"@id\":\"https:\/\/acidordesign.ro\/index.php\/print-indoor-outdoor\/#primaryimage\"},\"image\":{\"@id\":\"https:\/\/acidordesign.ro\/index.php\/print-indoor-outdoor\/#primaryimage\"},\"thumbnailUrl\":\"https:\/\/acidordesign.ro\/wp-content\/uploads\/elementor\/thumbs\/IMG-20240921-WA0045-scaled-qwr15pkzdlxb12wb033jpsglpa7neph5wjtg3sk3hm.jpg\",\"datePublished\":\"2024-03-23T12:45:43+00:00\",\"dateModified\":\"2024-11-08T11:35:27+00:00\",\"breadcrumb\":{\"@id\":\"https:\/\/acidordesign.ro\/index.php\/print-indoor-outdoor\/#breadcrumb\"},\"inLanguage\":\"en-US\",\"potentialAction\":[{\"@type\":\"ReadAction\",\"target\":[\"https:\/\/acidordesign.ro\/index.php\/print-indoor-outdoor\/\"]}]},{\"@type\":\"ImageObject\",\"inLanguage\":\"en-US\",\"@id\":\"https:\/\/acidordesign.ro\/index.php\/print-indoor-outdoor\/#primaryimage\",\"url\":\"https:\/\/acidordesign.ro\/wp-content\/uploads\/elementor\/thumbs\/IMG-20240921-WA0045-scaled-qwr15pkzdlxb12wb033jpsglpa7neph5wjtg3sk3hm.jpg\",\"contentUrl\":\"https:\/\/acidordesign.ro\/wp-content\/uploads\/elementor\/thumbs\/IMG-20240921-WA0045-scaled-qwr15pkzdlxb12wb033jpsglpa7neph5wjtg3sk3hm.jpg\"},{\"@type\":\"BreadcrumbList\",\"@id\":\"https:\/\/acidordesign.ro\/index.php\/print-indoor-outdoor\/#breadcrumb\",\"itemListElement\":[{\"@type\":\"ListItem\",\"position\":1,\"name\":\"Prima pagin\u0103\",\"item\":\"https:\/\/acidordesign.ro\/\"},{\"@type\":\"ListItem\",\"position\":2,\"name\":\"Print Indoor \/ Outdoor\"}]},{\"@type\":\"WebSite\",\"@id\":\"https:\/\/acidordesign.ro\/#website\",\"url\":\"https:\/\/acidordesign.ro\/\",\"name\":\"Servicii Axico\",\"description\":\"\",\"potentialAction\":[{\"@type\":\"SearchAction\",\"target\":{\"@type\":\"EntryPoint\",\"urlTemplate\":\"https:\/\/acidordesign.ro\/?s={search_term_string}\"},\"query-input\":{\"@type\":\"PropertyValueSpecification\",\"valueRequired\":true,\"valueName\":\"search_term_string\"}}],\"inLanguage\":\"en-US\"}]}<\/script>\n<!-- \/ Yoast SEO plugin. -->","yoast_head_json":{"title":"Print Indoor \/ Outdoor - Servicii Axico","robots":{"index":"index","follow":"follow","max-snippet":"max-snippet:-1","max-image-preview":"max-image-preview:large","max-video-preview":"max-video-preview:-1"},"canonical":"https:\/\/acidordesign.ro\/index.php\/print-indoor-outdoor\/","og_locale":"en_US","og_type":"article","og_title":"Print Indoor \/ Outdoor - Servicii Axico","og_description":"Print Indoor \/ Outdoor Home \u00bb Print Indoor &#8211; Outdoor Printurile noastre, at\u00e2t indoor c\u00e2t \u0219i outdoor, sunt realizate cu","og_url":"https:\/\/acidordesign.ro\/index.php\/print-indoor-outdoor\/","og_site_name":"Servicii Axico","article_modified_time":"2024-11-08T11:35:27+00:00","og_image":[{"url":"https:\/\/acidordesign.ro\/wp-content\/uploads\/elementor\/thumbs\/IMG-20240921-WA0045-scaled-qwr15pkzdlxb12wb033jpsglpa7neph5wjtg3sk3hm.jpg"}],"twitter_card":"summary_large_image","twitter_misc":{"Est. reading time":"2 minutes"},"schema":{"@context":"https:\/\/schema.org","@graph":[{"@type":"WebPage","@id":"https:\/\/acidordesign.ro\/index.php\/print-indoor-outdoor\/","url":"https:\/\/acidordesign.ro\/index.php\/print-indoor-outdoor\/","name":"Print Indoor \/ Outdoor - Servicii Axico","isPartOf":{"@id":"https:\/\/acidordesign.ro\/#website"},"primaryImageOfPage":{"@id":"https:\/\/acidordesign.ro\/index.php\/print-indoor-outdoor\/#primaryimage"},"image":{"@id":"https:\/\/acidordesign.ro\/index.php\/print-indoor-outdoor\/#primaryimage"},"thumbnailUrl":"https:\/\/acidordesign.ro\/wp-content\/uploads\/elementor\/thumbs\/IMG-20240921-WA0045-scaled-qwr15pkzdlxb12wb033jpsglpa7neph5wjtg3sk3hm.jpg","datePublished":"2024-03-23T12:45:43+00:00","dateModified":"2024-11-08T11:35:27+00:00","breadcrumb":{"@id":"https:\/\/acidordesign.ro\/index.php\/print-indoor-outdoor\/#breadcrumb"},"inLanguage":"en-US","potentialAction":[{"@type":"ReadAction","target":["https:\/\/acidordesign.ro\/index.php\/print-indoor-outdoor\/"]}]},{"@type":"ImageObject","inLanguage":"en-US","@id":"https:\/\/acidordesign.ro\/index.php\/print-indoor-outdoor\/#primaryimage","url":"https:\/\/acidordesign.ro\/wp-content\/uploads\/elementor\/thumbs\/IMG-20240921-WA0045-scaled-qwr15pkzdlxb12wb033jpsglpa7neph5wjtg3sk3hm.jpg","contentUrl":"https:\/\/acidordesign.ro\/wp-content\/uploads\/elementor\/thumbs\/IMG-20240921-WA0045-scaled-qwr15pkzdlxb12wb033jpsglpa7neph5wjtg3sk3hm.jpg"},{"@type":"BreadcrumbList","@id":"https:\/\/acidordesign.ro\/index.php\/print-indoor-outdoor\/#breadcrumb","itemListElement":[{"@type":"ListItem","position":1,"name":"Prima pagin\u0103","item":"https:\/\/acidordesign.ro\/"},{"@type":"ListItem","position":2,"name":"Print Indoor \/ Outdoor"}]},{"@type":"WebSite","@id":"https:\/\/acidordesign.ro\/#website","url":"https:\/\/acidordesign.ro\/","name":"Servicii Axico","description":"","potentialAction":[{"@type":"SearchAction","target":{"@type":"EntryPoint","urlTemplate":"https:\/\/acidordesign.ro\/?s={search_term_string}"},"query-input":{"@type":"PropertyValueSpecification","valueRequired":true,"valueName":"search_term_string"}}],"inLanguage":"en-US"}]}},"_links":{"self":[{"href":"https:\/\/acidordesign.ro\/index.php\/wp-json\/wp\/v2\/pages\/16583","targetHints":{"allow":["GET"]}}],"collection":[{"href":"https:\/\/acidordesign.ro\/index.php\/wp-json\/wp\/v2\/pages"}],"about":[{"href":"https:\/\/acidordesign.ro\/index.php\/wp-json\/wp\/v2\/types\/page"}],"author":[{"embeddable":true,"href":"https:\/\/acidordesign.ro\/index.php\/wp-json\/wp\/v2\/users\/1"}],"replies":[{"embeddable":true,"href":"https:\/\/acidordesign.ro\/index.php\/wp-json\/wp\/v2\/comments?post=16583"}],"version-history":[{"count":19,"href":"https:\/\/acidordesign.ro\/index.php\/wp-json\/wp\/v2\/pages\/16583\/revisions"}],"predecessor-version":[{"id":17187,"href":"https:\/\/acidordesign.ro\/index.php\/wp-json\/wp\/v2\/pages\/16583\/revisions\/17187"}],"wp:attachment":[{"href":"https:\/\/acidordesign.ro\/index.php\/wp-json\/wp\/v2\/media?parent=16583"}],"curies":[{"name":"wp","href":"https:\/\/api.w.org\/{rel}","templated":true}]}}